In base 4, what is 1 + 221111102?
221111103
In base 14, what is 170 + b?
17b
In base 7, what is 5 - -110660?
110665
In base 12, what is 5 + -7b70?
-7b67
In base 15, what is -2466 + 2a8?
-21ad
In base 14, what is -30d00 - 1?
-30d01
In base 6, what is -53 - 425?
-522
In base 9, what is 34814 - -12?
34826
In base 16, what is -4 - -f3be?
f3ba
In base 6, what is -10315 - -102?
-10213
In base 15, what is -c5e - 1?
-c60
In base 5, what is -10420 - -42102?
31132
In base 4, what is 2 - 13232100?
-13232032
In base 2, what is 101110011011000011 + 101?
101110011011001000
In base 9, what is -11 - 32727?
-32738
In base 10, what is -66 + -160?
-226
In base 9, what is 3 + 7432?
7435
In base 16, what is -1d3 + -6c?
-23f
In base 10, what is 1155 + 1490?
2645
In base 7, what is 2461 + -363?
2065
In base 12, what is -442 + -b4?
-536
In base 10, what is -938 - -18?
-920
In base 15, what is 4 + -2927e?
-2927a
In base 11, what is 53a - -30?
56a
In base 6, what is -143353 + 343?
-143010
In base 11, what is 122357 + 0?
122357
In base 7, what is -12 - 35212?
-35224
In base 12, what is -8 - -8b898?
8b890
In base 5, what is -1 + -2141?
-2142
In base 2, what is -101111 + 11011000101001?
11010111111010
In base 10, what is 5 - -1341?
1346
In base 16, what is 4 - -88bff?
88c03
In base 14, what is 64 + 1d7?
25b
In base 8, what is -1552 + -27?
-1601
In base 14, what is -6 - -c46b?
c465
In base 2, what is -1001 + -11000110001001?
-11000110010010
In base 3, what is 1010 + 212022?
220102
In base 11, what is 8 + -11a403?
-11a3a6
In base 4, what is 11022111203 - 1?
11022111202
In base 7, what is 3112 - 66?
3013
In base 4, what is -3 + -222223223?
-222223232
In base 8, what is 10 + -471237?
-471227
In base 2, what is 11001100110010 + -101010110?
11000111011100
In base 11, what is 13796 - 15?
13781
In base 8, what is 457446 - 41?
457405
In base 4, what is -1102022 + 11?
-1102011
In base 6, what is 153034 - 0?
153034
In base 8, what is 5 + -3173?
-3166
In base 14, what is -204 + 51?
-193
In base 10, what is 89228 + -4?
89224
In base 10, what is 5 + -5506?
-5501
In base 13, what is 66 - -27b97?
27c30
In base 12, what is -20 - -15654?
15634
In base 4, what is 22131 + -3011?
13120
In base 4, what is 110322 + 2002?
112330
In base 2, what is 100011110110 + -10011100001?
10000010101
In base 10, what is 23 - 16324?
-16301
In base 9, what is 518370 - -1?
518371
In base 2, what is 10111 - 100000101111?
-100000011000
In base 12, what is -20265 - -1?
-20264
In base 3, what is -11020 + -100102222?
-100121012
In base 3, what is 2121220 + 202?
2122122
In base 6, what is -3501234 - 3?
-3501241
In base 10, what is -513548 + -4?
-513552
In base 7, what is -1115 - 365?
-1513
In base 15, what is -a - -71928?
7191d
In base 15, what is -7 + -88b8?
-88c0
In base 11, what is -25a + -39?
-298
In base 9, what is -84647 - 1?
-84648
In base 14, what is -361 + 351?
-10
In base 16, what is -5db + a3?
-538
In base 9, what is -26 + -1240?
-1266
In base 12, what is -243327 + 3?
-243324
In base 10, what is 2 - -109194?
109196
In base 6, what is -23310503 + -4?
-23310511
In base 6, what is -101 - -53354?
53253
In base 14, what is -2b - 5bdc?
-5c29
In base 13, what is -85262 - 2?
-85264
In base 14, what is 374 + 233?
5a7
In base 3, what is 10111120010 + 102?
10111120112
In base 5, what is 4 + 231324?
231333
In base 2, what is 10010100111011010 + -10?
10010100111011000
In base 11, what is 672a - -407?
7036
In base 14, what is 80 + -622?
-582
In base 2, what is 101 + -100101001?
-100100100
In base 13, what is -60 - -1a30?
19a0
In base 5, what is -3042204 - -2?
-3042202
In base 10, what is -3490 - 109?
-3599
In base 10, what is -151437 - 3?
-151440
In base 15, what is 4a411 - 4?
4a40c
In base 11, what is 8109a - -8?
810a7
In base 3, what is -11020022021 + 0?
-11020022021
In base 3, what is -2002002001 - 222?
-2002010000
In base 10, what is 21 - 2767?
-2746
In base 14, what is -ba1 + -1?
-ba2
In base 2, what is 10100 - 111111100?
-111101000
In base 9, what is 1278878 - -1?
1278880
In base 13, what is 2 + 193206?
193208
In base 16, what is 284bc - -4?
284c0
In base 16, what is -12e6 - d?
-12f3
In base 10, what is -4 + -576609?
-576613
In base 14, what is -217c - -20c?
-1d70
In base 11, what is 7 - 1095?
-1089
In base 14, what is 4828 - 14?
4814
In base 10, what is -78 - 374?
-452
In base 15, what is 1 + -da3?
-da2
In base 8, what is 4613163 + 3?
4613166
In base 10, what is -18 + -130?
-148
In base 5, what is 110414404 - 1?
110414403
In base 6, what is 10 - -502250?
502300
In base 12, what is 10295 - -a?
102a3
In base 3, what is -100 - -2202210?
2202110
In base 14, what is -103 - -1b2?
ad
In base 3, what is 1010200002 - -10?
1010200012
In base 15, what is -183 + -20?
-1a3
In base 6, what is 5001 - -2250?
11251
In base 9, what is -583 + 170?
-413
In base 5, what is 21301 - 4?
21242
In base 6, what is 14 + -113433?
-113415
In base 4, what is -2 - -112233?
112231
In base 14, what is 2 + 54d43?
54d45
In base 2, what is 101 - -11011001010101010100?
11011001010101011001
In base 7, what is -123 - 5605?
-6031
In base 9, what is 4 + -37014?
-37010
In base 6, what is -32 + -23423?
-23455
In base 6, what is 5 + -244344?
-244335
In base 9, what is -2721488 - -3?
-2721485
In base 11, what is -17655 - 2?
-17657
In base 6, what is -25314 + -5?
-25323
In base 11, what is 38779 + -1?
38778
In base 5, what is -12031 - 311?
-12342
In base 12, what is -4a5 - -941?
458
In base 10, what is -3 + 2412?
2409
In base 8, what is -3 - 340414?
-340417
In base 6, what is -1314150 + 4?
-1314142
In base 3, what is -2020020 - -11022?
-2001221
In base 7, what is -51 + 636?
555
In base 5, what is -4 + 314424403?
314424344
In base 10, what is 1887 - 27?
1860
In base 12, what is -4aa00 - 0?
-4aa00
In base 9, what is 5864866 + -1?
5864865
In base 8, what is 543 + 1746?
2511
In base 5, what is -4134123 + 0?
-4134123
In base 11, what is -133 + 2632?
24aa
In base 5, what is 2 - 2444422?
-2444420
In base 8, what is 17351 + 6?
17357
In base 6, what is 1 + -1001132?
-1001131
In base 8, what is -126 + -4136?
-4264
In base 4, what is 323200131 + -1?
323200130
In base 3, what is 12211022020000 - -2?
12211022020002
In base 3, what is -2 + -122201000?
-122201002
In base 15, what is 39a + 1bc4?
206e
In base 11, what is -4 - -6518?
6514
In base 6, what is -2240514 - 14?
-2240532
In base 10, what is 469 + 407?
876
In base 4, what is -230112 - 21312?
-312030
In base 14, what is a004 - 3?
a001
In base 2, what is 100100 - 1010100100010101?
-1010100011110001
In base 15, what is 1c2 - 16?
1ab
In base 11, what is -86a2 + -33?
-8725
In base 16, what is bdf + 38?
c17
In base 14, what is -4 - 18163?
-18167
In base 13, what is 73 + -939?
-896
In base 9, what is 4242 - -21?
4263
In base 8, what is 7 - 1162?
-1153
In base 7, what is -1 + 422121?
422120
In base 7, what is 561 + -202?
356
In base 6, what is 2323 - -5513?
12240
In base 7, what is 26 + 45132?
45161
In base 13, what is 4c + 1a?
69
In base 9, what is -1 - 31435?
-31436
In base 15, what is 5b + -6a91?
-6a35
In base 8, what is 1 + 2367622?
2367623
In base 10, what is -12 + -1487?
-1499
In base 2, what is -110101110 + -101101101?
-1100011011
In base 4, what is -1132330211 - -22?
-1132330123
In base 6, what is -404430 + -13?
-404443
In base 5, what is -10 + -1403442?
-1404002
In base 13, what is -3b99 + c3?
-3aa6
In base 8, what is -15250 + -473?
-15743
In base 3, what is 1122200 + -10010120?
-1110220
In base 7, what is -23014 - -542?
-22142
In base 5, what is -3104 + -122022?
-130131
In base 12, what is 5 - -426a8?
426b1
In base 15, what is 9 + 1758?
1762
In base 7, what is -44 - -30023?
26646
In base 16, what is 27 + -416?
-3ef
In base 3, what is -12111 - 121202?
-211020
In base 3, what is 22101102 + 2221?
22111100
In base 4, what is -211333212 + 3?
-211333203
In base 12, what is -688b + 52?
-6839
In base 10, what is -2491040 - 4?
-2491044
In base 5, what is -13224 - 210?
-13434
In base 12, what is -478a - 0?
-478a
In base 12, what is 0 - -768?
768
In base 5, what is -31 + -14344?
-14430
In base 15, what is 5 - -bd98?
bd9d
In base 10, what is 3 + -13585?
-13582
In base 12, what is 11 + -310b?
-30ba
In base 4, what is -13133 + -1002013?
-1021212
In base 9, what is -2 - -2131034?
2131032
In base 5, what is 13114410 + 41?
1312